 62741395?
5, 601, 20879
What are the prime factors of 761731276?
2, 190432819
What are the prime factors of 129225421?
13, 29, 127, 2699
List the prime factors of 149727812.
2, 13, 29, 99289
What are the prime factors of 692201299?
449, 1541651
What are the prime factors of 659530291?
7, 37, 563, 4523
List the prime factors of 92757635.
5, 3187, 5821
List the prime factors of 57621792.
2, 3, 389, 1543
List the prime factors of 48436952.
2, 6054619
List the prime factors of 36130005.
3, 5, 673, 1193
What are the prime factors of 7752311770?
2, 5, 7, 110747311
What are the prime factors of 124911804?
2, 3, 23, 452579
List the prime factors of 2790086895.
3, 5, 62001931
List the prime factors of 86875823.
86875823
List the prime factors of 1054862197.
19, 43, 317, 4073
What are the prime factors of 629590326?
2, 3, 353, 297257
What are the prime factors of 5619273?
3, 11, 47, 3623
What are the prime factors of 32048883?
3, 3560987
List the prime factors of 54751380.
2, 3, 5, 912523
List the prime factors of 55064987.
5281, 10427
What are the prime factors of 876414701?
23, 38104987
List the prime factors of 391149125.
5, 3129193
List the prime factors of 212777650.
2, 5, 4255553
What are the prime factors of 15280437?
3, 43, 118453
List the prime factors of 41062551.
3, 223, 61379
List the prime factors of 508538960.
2, 5, 6356737
List the prime factors of 32934930.
2, 3, 5, 7, 156833
What are the prime factors of 1403554942?
2, 701777471
What are the prime factors of 28625582?
2, 149, 96059
What are the prime factors of 306013304?
2, 1423, 26881
List the prime factors of 161929119.
3, 11, 4906943
List the prime factors of 20791062.
2, 3, 79, 14621
What are the prime factors of 931996285?
5, 11, 16945387
What are the prime factors of 146343435?
3, 5, 7, 691, 2017
List the prime factors of 904930965.
3, 5, 20109577
What are the prime factors of 113505776?
2, 7094111
List the prime factors of 339756406.
2, 11, 79, 233, 839
List the prime factors of 206894407.
23, 719, 12511
What are the prime factors of 171746839?
11, 2287, 6827
What are the prime factors of 972875130?
2, 3, 5, 32429171
List the prime factors of 86362101.
3, 7, 103, 13309
What are the prime factors of 141528101?
11, 13, 257, 3851
List the prime factors of 42732657.
3, 11, 143881
What are the prime factors of 1723845373?
17, 101402669
What are the prime factors of 2118656876?
2, 7, 433, 174749
List the prime factors of 105893911.
227, 613, 761
What are the prime factors of 6333025232?
2, 17, 4451, 5231
List the prime factors of 1292826973.
1292826973
List the prime factors of 629573341.
19, 107, 309677
List the prime factors of 44399409.
3, 19, 31, 25127
What are the prime factors of 324392816?
2, 11, 1843141
List the prime factors of 439174460.
2, 5, 37, 593479
List the prime factors of 681114361.
31, 673, 32647
List the prime factors of 21567655.
5, 4313531
What are the prime factors of 140491850?
2, 5, 2809837
List the prime factors of 357516082.
2, 7, 11, 1201, 1933
What are the prime factors of 3780503188?
2, 7, 11, 19, 281
List the prime factors of 2025897359.
2025897359
List the prime factors of 40916822.
2, 43, 475777
What are the prime factors of 1033798527?
3, 1861, 61723
What are the prime factors of 61930984?
2, 1637, 4729
List the prime factors of 38929594.
2, 11, 19, 93133
What are the prime factors of 491313273?
3, 11, 29, 131, 3919
What are the prime factors of 1365844586?
2, 317, 2154329
What are the prime factors of 192182869?
192182869
What are the prime factors of 426497832?
2, 3, 23, 293
What are the prime factors of 226209201?
3, 31, 2432357
List the prime factors of 43844219.
43, 859, 1187
What are the prime factors of 296343411?
3, 7, 13, 401, 2707
What are the prime factors of 36789562?
2, 18394781
What are the prime factors of 85354683?
3, 1823, 15607
What are the prime factors of 35083567?
35083567
What are the prime factors of 3093656071?
11, 3137, 89653
What are the prime factors of 223774009?
17, 13163177
List the prime factors of 2231263871.
547, 1447, 2819
List the prime factors of 3181579372.
2, 795394843
List the prime factors of 16992261.
3, 11, 13, 163
List the prime factors of 2174947272.
2, 3, 83, 363947
List the prime factors of 107197191.
3, 61, 195259
What are the prime factors of 87586729?
87586729
What are the prime factors of 50373562?
2, 25186781
What are the prime factors of 2557001748?
2, 3, 7, 53, 499, 1151
List the prime factors of 1207803969.
3, 134200441
What are the prime factors of 155406026?
2, 77703013
List the prime factors of 116224263.
3, 181, 71347
What are the prime factors of 22010888?
2, 2751361
List the prime factors of 12579676.
2, 31, 101449
What are the prime factors of 1217204309?
61, 19954169
List the prime factors of 1823033330.
2, 5, 59, 3089887
What are the prime factors of 1140733032?
2, 3, 47530543
List the prime factors of 459827535.
3, 5, 103, 297623
List the prime factors of 1632248237.
1632248237
List the prime factors of 310287871.
23, 43, 313739
What are the prime factors of 1010142346?
2, 17, 89, 333821
List the prime factors of 3405555212.
2, 19, 191, 283, 829
What are the prime factors of 607989579?
3, 202663193
What are the prime factors of 2715582601?
17, 2063, 77431
List the prime factors of 25895907.
3, 23, 125101
List the prime factors of 6399480923.
11, 23, 881, 28711
What are the prime factors of 55198787?
7, 673, 11717
What are the prime factors of 50446865?
5, 7, 1441339
What are the prime factors of 130540502?
2, 23, 1567, 1811
List the prime factors of 1097069349.
3, 41, 83, 2621
List the prime factors of 181740296.
2, 23, 59, 16741
What are the prime factors of 194647941?
3, 2403061
List the prime factors of 39288013.
39288013
List the prime factors of 2211732943.
7, 19, 463, 733
List the prime factors of 396118404.
2, 3, 11, 333433
List the prime factors of 98924539.
7, 29, 487313
List the prime factors of 2121700611.
3, 53, 13344029
What are the prime factors of 1186397287?
1186397287
What are the prime factors of 433858422?
2, 3, 71, 1018447
What are the prime factors of 43597563?
3, 31, 571, 821
List the prime factors of 117589797.
3, 13, 1005041
What are the prime factors of 286791151?
2113, 135727
What are the prime factors of 316071252?
2, 3, 7, 1254251
List the prime factors of 1212299615.
5, 29, 8360687
List the prime factors of 456484532.
2, 7, 16303019
List the prime factors of 19284790.
2, 5, 7, 31, 8887
What are the prime factors of 1320048268?
2, 7, 11, 83, 51637
What are the prime factors of 813229987?
67, 197, 61613
What are the prime factors of 311750884?
2, 77937721
What are the prime factors of 10157796?
2, 3, 11, 113, 227
List the prime factors of 9268385.
5, 7, 264811
What are the prime factors of 400752145?
5, 80150429
What are the prime factors of 259703977?
13, 653, 30593
What are the prime factors of 548981576?
2, 11, 13, 479879
What are the prime factors of 432777222?
2, 3, 41, 47, 4159
What are the prime factors of 78873538?
2, 39436769
List the prime factors of 1784633203.
31, 57568813
List the prime factors of 572206479.
3, 13, 14671961
List the prime factors of 146511742.
2, 13, 563, 10009
List the prime factors of 19902416.
2, 733, 1697
What are the prime factors of 30229878?
2, 3, 7, 179, 4021
List the prime factors of 5124346146.
2, 3, 94895299
What are the prime factors of 127836321?
3, 29, 379, 3877
List the prime factors of 2856307160.
2, 5, 7, 2131, 4787
List the prime factors of 25130998.
2, 17, 241, 3067
List the prime factors of 487056668.
2, 7, 113, 21991
List the prime factors of 3172465.
5, 634493
What are the prime factors of 157466217?
3, 1489, 35251
List the prime factors of 313557407.
313557407
What are the prime factors of 2069979711?
3, 89, 683, 11351
What are the prime factors of 10686767?
7, 13, 117437
What are the prime factors of 51746834?
2, 131, 197507
What are the prime factors of 261500513?
149, 1755037
List the prime factors of 82016653.
17, 277, 17417
List the prime factors of 49723777.
29, 181, 9473
What are the prime factors of 21460453?
7, 3065779
List the prime factors of 371659540.
2, 5, 7, 2654711
What are the prime factors of 406014728?
2, 7, 7250263
What are the prime factors of 186892295?
5, 37378459
List the prime fa